List the prime factors of 169974.
2, 3, 7, 19, 71
What are the prime factors of 637229?
637229
List the prime factors of 343217.
7, 49031
List the prime factors of 14003510.
2, 5, 353, 3967
What are the prime factors of 21262182?
2, 3, 67, 227, 233
What are the prime factors of 12977694?
2, 3, 720983
List the prime factors of 1004484.
2, 3, 13, 47, 137
List the prime factors of 4553138.
2, 569, 4001
List the prime factors of 1816166.
2, 11, 31, 2663
List the prime factors of 497230.
2, 5, 19, 2617
List the prime factors of 745221.
3, 248407
List the prime factors of 576022.
2, 179, 1609
List the prime factors of 8771859.
3, 974651
List the prime factors of 12146159.
101, 241, 499
List the prime factors of 313971.
3, 7, 14951
What are the prime factors of 217569?
3, 11, 19, 347
List the prime factors of 645494.
2, 322747
List the prime factors of 161941.
13, 12457
What are the prime factors of 1687489?
1687489
List the prime factors of 616145.
5, 123229
What are the prime factors of 1799034?
2, 3, 19, 43, 367
What are the prime factors of 11578678?
2, 1427, 4057
What are the prime factors of 67616?
2, 2113
List the prime factors of 5367742.
2, 71, 103, 367
What are the prime factors of 8892512?
2, 277891
What are the prime factors of 331360?
2, 5, 19, 109
List the prime factors of 1060781.
1060781
List the prime factors of 3505453.
7, 23, 21773
List the prime factors of 6253349.
6253349
What are the prime factors of 387815?
5, 77563
What are the prime factors of 2314144?
2, 7, 10331
List the prime factors of 291666.
2, 3, 48611
What are the prime factors of 738175?
5, 29527
What are the prime factors of 16471320?
2, 3, 5, 317, 433
List the prime factors of 267844.
2, 29, 2309
What are the prime factors of 3599481?
3, 953, 1259
What are the prime factors of 2680487?
73, 503
List the prime factors of 19372150.
2, 5, 7, 7907
List the prime factors of 2264305.
5, 191, 2371
List the prime factors of 60783.
3, 20261
What are the prime factors of 750784?
2, 11731
What are the prime factors of 16550054?
2, 8275027
What are the prime factors of 221413?
221413
What are the prime factors of 3134563?
19, 457
List the prime factors of 1025085.
3, 5, 37, 1847
What are the prime factors of 21857889?
3, 23, 43, 53, 139
List the prime factors of 914042.
2, 457021
List the prime factors of 2124864.
2, 3, 7, 17, 31
What are the prime factors of 3786946?
2, 1893473
List the prime factors of 161709.
3, 19, 2837
List the prime factors of 6254075.
5, 97, 2579
List the prime factors of 25157320.
2, 5, 677, 929
What are the prime factors of 10604526?
2, 3, 1767421
List the prime factors of 2843418.
2, 3, 43, 103, 107
List the prime factors of 13525437.
3, 1259, 3581
List the prime factors of 47082.
2, 3, 7, 19, 59
List the prime factors of 228053.
7, 32579
List the prime factors of 5212201.
5212201
List the prime factors of 2600801.
7, 71, 5233
List the prime factors of 5219.
17, 307
What are the prime factors of 5735608?
2, 716951
List the prime factors of 8518282.
2, 4259141
List the prime factors of 29411.
29411
What are the prime factors of 903424?
2, 3529
List the prime factors of 569993.
17, 33529
What are the prime factors of 264787?
264787
List the prime factors of 12714.
2, 3, 13, 163
List the prime factors of 1092609.
3, 7, 41, 47
What are the prime factors of 193478?
2, 96739
List the prime factors of 10675152.
2, 3, 8237
What are the prime factors of 213207?
3, 71069
What are the prime factors of 823097?
11, 74827
What are the prime factors of 356771?
43, 8297
List the prime factors of 1326455.
5, 13, 20407
List the prime factors of 637638.
2, 3, 106273
List the prime factors of 4935379.
4935379
What are the prime factors of 962208?
2, 3, 13, 257
List the prime factors of 1163952.
2, 3, 59, 137
List the prime factors of 9542983.
1093, 8731
List the prime factors of 137034.
2, 3, 23, 331
What are the prime factors of 216684?
2, 3, 13, 463
What are the prime factors of 3459373?
3459373
What are the prime factors of 894453?
3, 7, 191, 223
What are the prime factors of 278383?
7, 39769
What are the prime factors of 72890?
2, 5, 37, 197
What are the prime factors of 1015497?
3, 7, 199
What are the prime factors of 7353219?
3, 83, 29531
List the prime factors of 92356.
2, 11, 2099
What are the prime factors of 280060?
2, 5, 11, 19, 67
List the prime factors of 36881.
13, 2837
What are the prime factors of 85295?
5, 7, 2437
What are the prime factors of 2509597?
2509597
What are the prime factors of 9894212?
2, 19, 211, 617
What are the prime factors of 4529105?
5, 7, 129403
List the prime factors of 11314620.
2, 3, 5, 23, 911
What are the prime factors of 862734?
2, 3, 53, 2713
What are the prime factors of 615464?
2, 107, 719
List the prime factors of 1803550.
2, 5, 7, 5153
What are the prime factors of 1462882?
2, 149, 4909
List the prime factors of 46164.
2, 3, 3847
List the prime factors of 3449169.
3, 127747
List the prime factors of 24489802.
2, 23, 157, 3391
What are the prime factors of 1201729?
1201729
What are the prime factors of 48940?
2, 5, 2447
List the prime factors of 5892551.
7, 841793
List the prime factors of 5043305.
5, 17, 59333
What are the prime factors of 180183?
3, 17, 3533
What are the prime factors of 704874?
2, 3, 29, 4051
List the prime factors of 14287426.
2, 1061, 6733
List the prime factors of 4403373.
3, 13, 23, 4909
What are the prime factors of 243583?
243583
What are the prime factors of 628698?
2, 3, 7, 14969
What are the prime factors of 6084273?
3, 13, 156007
What are the prime factors of 1450006?
2, 41, 17683
List the prime factors of 668614.
2, 181, 1847
What are the prime factors of 20902034?
2, 53, 293, 673
List the prime factors of 482024.
2, 89, 677
List the prime factors of 122602.
2, 59, 1039
What are the prime factors of 2083166?
2, 1041583
List the prime factors of 14332069.
14332069
What are the prime factors of 8994756?
2, 3, 29, 25847
What are the prime factors of 8770298?
2, 4385149
List the prime factors of 9499749.
3, 7, 547, 827
What are the prime factors of 175425?
3, 5, 2339
What are the prime factors of 188992?
2, 2953
What are the prime factors of 3423704?
2, 281, 1523
List the prime factors of 17054555.
5, 7, 71, 6863
List the prime factors of 309707.
309707
List the prime factors of 1753073.
7, 19, 269
What are the prime factors of 870039?
3, 96671
List the prime factors of 12170853.
3, 1352317
List the prime factors of 2613664.
2, 81677
List the prime factors of 172581.
3, 57527
What are the prime factors of 2965289?
2965289
What are the prime factors of 308197?
41, 7517
List the prime factors of 20458240.
2, 5, 11, 1453
List the prime factors of 115195.
5, 23039
What are the prime factors of 3816830?
2, 5, 239, 1597
What are the prime factors of 1133055?
3, 5, 7, 11, 109
What are the prime factors of 277890?
2, 3, 5, 59, 157
What are the prime factors of 346655?
5, 19, 41, 89
What are the prime factors of 81862?
2, 11, 61
List the prime factors of 1146027.
3, 73, 5233
List the prime factors of 625879.
19, 32941
What are the prime factors of 1199957?
11, 47, 211
What are the prime factors of 40025?
5, 1601
List the prime factors of 3492316.
2, 873079
List the prime factors of 1462679.
1462679
What are the prime factors of 480377?
19, 131, 193
What are the prime factors of 343586?
2, 171793
What are the prime factors of 1365905?
5, 273181
What are the prime factors of 10362608?
2, 647663
What are the prime factors of 19839966?
2, 3, 571, 5791
What are the prime factors of 2323156?
2, 11, 37, 1427
What are the prime factors of 5561?
67, 83
List the prime factors of 795123.
3, 7, 601
What are the prime factors of 11173100?
2, 5, 111731
List the prime factors of 354467.
17, 29, 719
List the prime factors of 1964289.
3, 109, 6007
What are the prime factors of 802028?
2, 19, 61, 173
List the prime factors of 1805507.
11, 151, 1087
What are the prime factors of 288669?
3, 96223
What are the prime factors of 1111980?
2, 3, 5, 43, 431
List the prime factors of 20140174.
2, 10070087
What are the prime factors of 622184?
2, 77773
List the prime factors of 195.
3, 5, 13
List the prime factors of 6304589.
6304589
List the prime factors of 528377.
17, 31081
List the prime factors of 3566056.
2, 13, 17, 2017
Li